Suppose 0*j + 3*j - 6 = 0. Let l be p(j). Determine r(l).
-17
Let t = 9 + -4. Suppose 135 = t*f - 0*f. Let w be f/4 - (-12)/(-16). Let h(j) = j**3 - 7*j**2 + 5*j + 4. Give h(w).
-2
Suppose 2*r = 10*r. Let i(l) = -2 + r*l + 8 + 0 - l. What is i(5)?
1
Let s(y) = y. Suppose 4*j - 2*j = 4*d - 8, -4*j - 4 = -4*d. Let c(q) = 15 - 3*q**2 - 14 + 2*q**j + 4*q. Let l(w) = c(w) - 5*s(w). Calculate l(-3).
-5
Let r(n) = 2*n + 22. Suppose 23 = 7*f + 100. Give r(f).
0
Let z(u) = 2*u**2 + 3*u - 1. Let j = 23 - 19. Suppose -4*r = 3*k + 1, k - 5 = j*k + 2*r. What is z(k)?
8
Let m(q) = -q - 2. Let u = 11 - 14. Let l be m(u). Let t(z) = -5 - 5*z**3 + 4*z**3 + l + 4*z**2. Calculate t(3).
5
Let q = 12 - 9. Let l(o) = -8*o**2 + 3*o + 9 - 5 + q*o**2 + o**3. What is l(3)?
-5
Suppose 0 = -2*f - 3*z + 22 + 5, 5*f = -2*z + 40. Let k(b) = b**2 - 6*b + 9. Determine k(f).
9
Let n(z) be the third derivative of z**6/120 - 17*z**5/60 - 19*z**4/24 + 4*z**3 + 173*z**2. What is n(18)?
6
Let k(v) be the first derivative of -5/2*v**2 + 3*v + 11. Calculate k(3).
-12
Let x(r) = -r**3 + 4*r**2 - r - 2. Suppose 4*w = -10 - 10. Let i be w + 9 + -2 + 2. Give x(i).
-6
Let f(r) = -r**3 + 4*r**2 + 8*r + 4. Suppose 4*t + 8 = 0, 2*m - 5*t = 38 - 16. Calculate f(m).
-20
Let o(y) = -y**2 - 4*y + 5*y + 0*y - 10. Suppose -94 - 50 = 8*q. Let z be (6/14 + q/42)/(-2). Give o(z).
-10
Let n(d) = 4*d - 51. Let s(a) = -a + 12. Let b(c) = n(c) + 3*s(c). What is b(0)?
-15
Let v(y) = -y**2 - 2*y + 11. Let h be (-2407)/498 + 5/6. Calculate v(h).
3
Suppose -15 = -5*u + 5*h, -2*u - 4*h - 1 = h. Suppose -l + 14 - 11 = 0. Let x(p) = -p + 2*p**3 + 6*p**2 - 4*p**u - 3*p**l. Calculate x(3).
-12
Let f(j) = -3*j + 2. Let b(o) = 4*o - 4. Let r(x) = -5*b(x) - 8*f(x). What is r(-3)?
-8
Let i(n) = 4*n**3 + 9*n**2 + n + 2. Let f(o) = -11*o**3 - 28*o**2 - 3*o - 7. Let k(g) = 3*f(g) + 8*i(g). Give k(-12).
7
Let d(i) = -7*i**2 - i**3 + i**2 + 7 + 179*i - 177*i. Determine d(-6).
-5
Let l be (-1196)/(-36) + 4/(-18). Let p = l + -23. Let k(b) = 5*b**2 - b**2 - p*b**2 - b. What is k(-1)?
-5
Let l(y) = 223*y**3 - 224*y**3 + 5*y**2 - 5 - 5*y + y**2. Let s be l(5). Let w(n) = n**2 + 6*n + 3. Give w(s).
-2
Let l(m) = m**3 + 3*m**2 - 2. Let n be l(-2). Let r be (-2)/(-4) + 3/n. Suppose r*v = v + 5. Let c(z) = -z**2 + 6*z - 5. Calculate c(v).
0
Let w = 208 + -363. Let d = w + 152. Let t(a) = a**3 + 3*a**2 - a - 3. Give t(d).
0
Let p(z) be the third derivative of z**5/30 + z**4/6 + 53*z**2. Calculate p(-3).
6
Let q(x) = x**2 - 76. Let i be q(9). Let t(j) = j + 4. What is t(i)?
9
Let r(f) be the second derivative of -f**3/6 - 3*f**2 + 6*f. Let d = 18 + -14. Suppose -2*o - 19 = -3*u, 2*o + 0*o + d = 0. Determine r(u).
-11
Let r(h) = -h**2 - 13*h - 5. Suppose 7*o = 4*n + 8*o + 28, -2*n - 5*o - 14 = 0. Determine r(n).
37
Suppose 6 = -2*t - t. Let z(a) = -a**2 + 2. Let l(q) = -1 - 4 + 3 + 0. Let s(y) = 3*l(y) + 2*z(y). Calculate s(t).
-10
Let v(g) be the first derivative of -g**3/3 + 5*g**2/2 - 3*g + 96. Determine v(2).
3
Let n(s) = -2*s - 8. Suppose q = 2*z + 3*z - 13, -3*q = 4*z + 20. Let w be q - (1/(-2))/(11/44). Give n(w).
4
Let g = 142 + -216. Let v = g + 79. Let c(x) = 2*x + 7. Calculate c(v).
17
Let v(f) = 4*f. Suppose -16*n + 9 = -13*n. Suppose 0 = -0*p - n*p + 15. What is v(p)?
20
Suppose 2*g = -5 + 9. Let o(n) = -2 - 2*n + 3*n**3 + 5*n + 2*n**g - 2*n**3 - 2*n**3. Let s be 6/(-4)*8/(-4). Calculate o(s).
-2
Let u(z) be the first derivative of z**3/3 - 11*z**2/2 + 24*z + 195. What is u(7)?
-4
Let r be -30*3/(-15)*2. Suppose 0 = 4*o - 2*o + r. Let d(t) = -7*t - 5. Let a(l) = 13*l + 11. Let h(j) = -4*a(j) - 7*d(j). Calculate h(o).
9
Let u(w) = -w**2 + w. Let g(r) be the first derivative of -4 - 4*r**2 + 1/3*r**3 - 4*r. Let i(m) = g(m) + 2*u(m). Determine i(-5).
1
Let a be 8/3 - 8/(-24). Let x(h) be the first derivative of -2*h**a + 0*h - 5 - 1/4*h**4 - 3*h**2. Determine x(-5).
5
Let w = 15 - 15. Let n(u) = -4 + w - 90*u + 91*u. Let y be (-21)/(-5) - (-10)/(-50). What is n(y)?
0
Let v(k) = 32*k**2 + k - 11. Let b(z) = 33*z**2 + z - 7. Let f(t) = 3*b(t) - 2*v(t). Give f(-1).
35
Let q(m) = m**2 - 10*m - 3. Suppose -111*p + 77*p = -238. Determine q(p).
-24
Let u(k) = -k**3 + 11*k**2 - 4. Suppose -3*w - 397 = 3*s - 8*s, -5*w + 5 = 0. Let l = -69 + s. What is u(l)?
-4
Let m(r) = 4*r - 13. Let w(t) = -11*t + 9*t + 6*t + 9*t - 37. Let k(u) = -17*m(u) + 6*w(u). Suppose -4*p - 5*b - 6 = 0, 0*p = 2*p + b. What is k(p)?
9
Suppose -41*y + 29*y = 72. Let p(w) = -2*w - 7. Calculate p(y).
5
Let y(a) = a**3 + 5*a**2 - 4*a - 1. Suppose 8*i = -0*i - 48. Determine y(i).
-13
Let h(w) = -274*w + 556*w - 1 - 281*w. Determine h(7).
6
Let k(r) = r**2 - 6*r + 1. Suppose -l = -6 + 1. Suppose 5*m + 1 - 56 = 4*g, -3*g + 20 = l*m. Give k(m).
8
Let a(j) = 29 + 19*j - 6*j**2 - 16 + 8*j**2 + 3. Give a(-9).
7
Let q(z) = 2*z**3 + 1. Let y be (-1 + -4)/(3 - 14/4). Suppose 0 = n - 2*x + y, 2*n - 5*x - 9 + 33 = 0. Give q(n).
-15
Let y(t) = 31*t**3 + t**2 + 2 + 26*t**3 + 27*t**3 - 83*t**3. What is y(-2)?
-2
Suppose -9*r + 6 = -6*r. Suppose r*h = 4*h - 8. Suppose 13 = 5*o - g + 1, -h*o + 24 = 4*g. Let j(w) = -w**3 + 4*w**2 - 5*w + 3. Determine j(o).
-3
Let x(u) be the third derivative of u**7/504 + u**6/720 + u**4/8 + 5*u**2. Let i(c) be the second derivative of x(c). Let m = 9 - 10. Give i(m).
4
Let v(j) be the third derivative of 1/8*j**4 + 0*j**3 + 0 + 0*j - 25*j**2. Give v(-3).
-9
Let l(q) = -q**3 + 7*q**2 - 4*q - 1. Let t = 1820 + -1814. What is l(t)?
11
Let p(k) be the second derivative of 5*k**3/6 + 2*k**2 - 2*k. Let a(o) = -9*o - 8. Let b(y) = -3*y**2. Let h be b(-1). Let v(z) = h*a(z) - 5*p(z). Give v(-4).
-4
Let m(j) be the first derivative of -j**2/2 + j - 7. Let n(a) = -a + 6. Let v(q) = -3*m(q) + n(q). Let c be v(-5). Let o(d) = -d**2 - 6*d - 2. Give o(c).
-9
Let t(b) = -5*b**2 + 4*b + 4. Let y(u) = -7 - 8*u**2 + 7*u**2 + 8*u**2 + 2*u**2 - 8*u. Let o(d) = -7*t(d) - 4*y(d). Determine o(3).
3
Let g(o) = -14*o - 97. Let l be g(-7). Let t(k) = 28*k**2 + k. Calculate t(l).
29
Let a(q) = -66*q**3 - 2*q**2 + 4*q - 2. Let r be a(1). Let z = 65 + r. Let o(n) = -5*n**3 + n**2 - 1. Determine o(z).
5
Let w(x) = -15*x**2 + 4. Let z(d) = 41*d**2 + d - 12. Let k(c) = -11*w(c) - 4*z(c). Calculate k(3).
1
Suppose 0 = z - 7 - 0. Let g(t) = 11 - t**2 + 5*t - 3 - z. Calculate g(7).
-13
Let s(v) be the first derivative of v**4/4 + 10*v**3/3 + 7*v**2/2 - 13*v + 196. Determine s(-9).
5
Let k(q) be the second derivative of q**4/12 - 5*q**3/2 - 20*q**2 - q + 60. Calculate k(17).
-6
Suppose 3*c + 30 = -6. Let x be (4 + -1)*(c - -19). Suppose 4*p = 2*w + 24, 2*w - 3*p = -0*p - x. Let u(b) = -b**2 - 7*b - 5. Determine u(w).
1
Let c(l) = l**3 - 14*l**2 + 13*l + 2. Let u be c(13). Suppose u*n - 18 = -n. Let m(y) = -y + 1 - n*y + 2*y - 6*y. What is m(-1)?
12
Let x = 2 - 2. Let w(c) = 2*c - 25. Let a(s) = 3*s - 44. Let k(h) = 3*a(h) - 5*w(h). Give k(x).
-7
Let s(t) = -2*t + 3. Let w(n) = n**3 - 33*n**2 - 4*n + 121. Let u be w(33). Calculate s(u).
25
Let d(v) = -7*v + 1. Let g = 34 - 64. Let u be 3*(-3 - g/9). Calculate d(u).
-6
Let j(u) = -5*u - 226. Let k be j(-44). Let n(c) = -c**2 - 5*c + 10. What is n(k)?
4
Suppose -5*l + 57 = -4*y, 0 = 2*l + 16*y - 18*y - 22. Let q(h) = -3*h + 41. Calculate q(l).
2
Let c(x) = -4*x - 5. Let q be 4 + 4 + -1 + 1. What is c(q)?
-37
Suppose 40*f - 9 = 37*f. Let i(t) = -27 + 25 - 4*t + t. Calculate i(f).
-11
Let m(l) = -27*l**2 + 7*l - 1. Let f(g) = -2*g**2 + g. Let w(r) = 5*f(r) - m(r). Calculate w(1).
16
Let l(j) = -j**2 + 9. Suppose 3*h - 12 = 6. Suppose b = a - h*a + 6, -5*b = 2*a - 7. Let q = -1 + b. Determine l(q).
9
Let r(v) = v**2 - 12*v + 4. Let f(l) = 2*l**2 - 25*l + 8. Let h(p) = -11*p + 2. Let a be h(-1). Let o(y) = a*r(y) - 6*f(y). Give o(4).
-4
Let h(z) be the second derivative of z**5/20 + 11*z**4/12 + z**3/2 - 3*z**2/2 + 14*z + 12. Calculate h(-11).
-36
Let r(q) = q**3 + q**2 + q - 1. Let x(a) = -6*a**3 - 10*a**2 - 7*a. Let w(u) = -5*r(u) - x(u). Suppose g = -4*g - 25. Calculate w(g).
-5
Let m(o) = 77 - 239 + 5*o + 72 + 76. Calculate m(3).
1
Let s(y) = y + 3. Let m(b) = -b**2 + 8*b - 13. Suppose -2 - 12 = -2*o. Let u be m(o). Give s(u).
-3
Let r be 2 - (10 + (-5 - -1)). Let c be 3 + (13 + r)/3. Let z(s) = -s**2 + 8*s - 7. What is z(c)?
5
